. Let f(r) = -13*r + 187. Let q(h) = -6*f(h) + 21*s(h). Calculate q(0).
12
Suppose 21 = 8*j - 9*j + 3*r, -j - 3*r + 21 = 0. Let c(u) be the second derivative of j + 1/6*u**3 + 2*u**2 - 1/12*u**4 + 5*u. Give c(0).
4
Let c(f) = f**2 - 15*f - 24. Let n(b) = 2*b**2 - 39*b - 289. Let g be n(-6). Calculate c(g).
10
Let o(n) = -30*n**2. Let j(y) = 102*y - 10303. Let l be j(101). Calculate o(l).
-30
Let j be 24/(-9) + (-8)/(-12). Let s(h) = -h**2 + h + 1. Let d(r) = r**2 - 12*r - 12. Let f(x) = j*s(x) - d(x). Calculate f(-10).
10
Let l(h) be the third derivative of -25*h**4/24 + 13*h**3/3 - 6774*h**2. What is l(1)?
1
Let o(x) be the first derivative of x**4/12 + 3*x**3/2 - 6*x**2 - 68*x - 122. Let s(i) be the first derivative of o(i). Determine s(-11).
10
Suppose -4*f - 4*v = -9*f - 2, 4*v - 10 = f. Let b be (2 + f)*(-2)/(-1). Let r(q) = -q**2 + 6*q - 11. What is r(b)?
-27
Let v(p) = -47*p + 10*p**2 - 37 + 55*p + 3*p**3 - 2*p**3 + 17. Determine v(-9).
-11
Suppose 352 = -1072*j + 1083*j. Let w(u) = -u**3 + 30*u**2 + 62*u + 46. What is w(j)?
-18
Let n(v) = 123*v**2 + 1236*v + 64. Let j be n(-10). Let g(d) = 2 - 7*d + d**2 + 4 + 0*d**2. Determine g(j).
-6
Let z(r) = -150 + r**2 - 15*r + 247 - 153. Give z(18).
-2
Let n(i) = i**3 + 10*i**2 - 16*i + 1 + 13 - 2*i**3. Calculate n(7).
49
Let q(f) = 27*f - 114. Let x(i) = 2*i**2 + 138*i + 140. Let t be x(-68). Calculate q(t).
-6
Let d(m) = 92 - 43 - 188*m**3 + 56*m - 40 - 15*m + 187*m**3 + 11*m**2. Give d(-3).
12
Let b(m) = 15 + 2*m - 10 - 5*m - m. Let l = 1032 - 1020. Calculate b(l).
-43
Suppose x + 11*p = 14*p + 14 - 0, 5*p + 25 = 0. Let a(c) = 2 - 3 - 18*c + 2 + 1. Determine a(x).
20
Suppose 0 = -2*n + 6*r - r + 1235, 5*n = 2*r + 3119. Let y(a) = 627*a - n*a + 2 - 3 + 6. Calculate y(5).
15
Let u(w) = w**3 - 18*w**2 + 17*w + 3. Let z = -5430 - -5447. Determine u(z).
3
Let f(o) = 11*o - 3. Let l be (1/3)/(1*(-1)/(-9)). Suppose 3*m = -4*w + 148, 0*m + l*m - 146 = -5*w. Suppose 3*z - 58 = -m. Determine f(z).
19
Let w(x) = -260 - 253 + 773 - 5*x - 262. What is w(-3)?
13
Let t(a) = a + 2. Let d(v) = -v**3 - 14*v**2 + 30*v - 20. Let y be d(-16). Suppose i = 2*q - 5 + y, q + 26 = 5*i. What is t(i)?
7
Let f(u) = 5*u**2 + 6*u + 5. Let s = 252 + -253. Calculate f(s).
4
Let z(i) = -85334*i + 8 + 42657*i + 42659*i. Determine z(2).
-28
Let l(g) = -g - 2. Suppose 8*a - 469 = 4*a - 5*k, 2*a - 4*k - 202 = 0. Suppose 4*w + a - 25 = -5*j, -5*j = -3*w + 58. Calculate l(j).
12
Let h(r) be the first derivative of -13*r**2/2 - 53*r - 51. Let t be h(-4). Let i(w) = -11*w**2 - 1. Determine i(t).
-12
Let g(j) = -j - 11. Let y be 4/10 + (-5)/(75/(-39)). Suppose 2*h + x + 34 = -3*h, 18 = -5*h + y*x. Calculate g(h).
-5
Let u(j) = -j**3 + j**2. Let f(o) be the third derivative of -1/60*o**5 + 0 - 8/3*o**3 - 5/12*o**4 - 2*o**2 + 0*o. Let z be f(-8). What is u(z)?
0
Let z(l) = -194 - 10*l + 209 - 11*l**2 + l + 2*l**3 + l. What is z(6)?
3
Let k(w) be the second derivative of w**3/3 + 4*w**2 - 13*w. Suppose -6*v - 15 - 27 = 0. Calculate k(v).
-6
Let b(q) = -27*q**2 + 5*q + 8. Let y(a) = 22*a**2 - 4*a - 6. Let x(n) = -2*b(n) - 3*y(n). Give x(0).
2
Let r(h) = -3*h**3 - 59*h - 3*h**2 - 51*h + 114*h. Let n(b) = -b**3 + b**2 - 1. Let l(c) = 4*n(c) - r(c). Calculate l(6).
8
Let m be ((-3)/15)/((-1)/5). Let q(i) = 80*i**3 + 11*i**2 + 11*i + 5. Let n(a) = 16*a**3 + 2*a**2 + 2*a + 1. Let o(g) = -11*n(g) + 2*q(g). What is o(m)?
-17
Suppose 8 = -3*k + 2. Let i(b) = -343 - b - 53 + 396. Give i(k).
2
Let i(h) be the second derivative of -h**3/3 + 7*h**2 + 10*h + 1. Let x(u) = -u**3 + 29*u**2 - 54*u + 10. Let y be x(27). What is i(y)?
-6
Let j(u) be the third derivative of 2/3*u**3 + 1/60*u**5 - 30*u**2 + 0*u + 0 + 5/24*u**4. Determine j(-4).
0
Let v(n) = 1. Suppose 3*a = -3*p + 21, -10*p - 11 = -a - 9*p. Let k(f) = -f + 4. Let m(x) = a*v(x) - 2*k(x). What is m(-5)?
-9
Suppose 2*d + 3*d + 45 = 0. Let j(v) = -39*v - 11. Let m(g) = 235*g + 61. Let h(c) = -6*j(c) - m(c). What is h(d)?
14
Let i(n) = -3*n + n - 1425 + n + 1429 + 4*n. What is i(-4)?
-8
Let f(i) = -i**2 - 10*i - 4. Let z = -46 + 166. Suppose -z = -b - 128. Determine f(b).
12
Let s(m) = m**2 + 2*m - 3. Let t be s(-3). Let k = 526 + -524. Let y(j) = 10 - 2*j + 0 + k*j + j. Give y(t).
10
Let x(g) be the first derivative of -g**6/40 - g**5/30 + g**4/24 - g**3/6 + 82*g**2 + 111. Let b(h) be the second derivative of x(h). Determine b(1).
-5
Let m(h) = -73*h + 216*h - 73*h - 76*h - 3. Calculate m(-2).
9
Suppose 9*c - 3*h = 6*c + 12, 2*c + h = 8. Let p(d) = 4*d**2 - 14*d + 6. Calculate p(c).
14
Let w(a) = -52*a**2 - 6*a - 5. Let c(p) = 83*p**2 + 11*p + 8. Let i(g) = -5*c(g) - 8*w(g). Calculate i(7).
0
Let q(r) = -r**3 + 6*r**2 - 4*r + 8. Let j(p) = 0*p**3 - p**3 - 1705*p + 1716*p. Let i be j(3). What is q(i)?
-16
Let q(b) = b**3 - 5*b**2 + b + 5. Suppose 0 = -0*u + 4*u - 16. Let t be q(u). Let v(z) = 1789*z**2 + z + 1777*z**2 - 3573*z**2 - z**3. Give v(t).
-7
Let r(c) = -c**3 - 11*c**2 - 3*c - 9. Let b(d) = 3*d**3 + 32*d**2 + 9*d + 26. Let w(o) = 6*b(o) + 17*r(o). Let u(z) = -60*z - 3. Let k be u(0). What is w(k)?
12
Let i(v) = v**3 + 7*v**2 + 5*v + 2. Let h = 628 - 523. Suppose 392 = 4*q - j, 6*j - 2*j = 3*q - 281. Let m = q - h. What is i(m)?
8
Suppose 0 = -2*s + 172 - 204. Let t(g) = g + 10. Determine t(s).
-6
Let s(i) = -2*i**2 - 2 - 7*i + 2*i + 0*i. Suppose 40*v - 29*v = 0. Let p be 6/(-4)*(v + 2). Calculate s(p).
-5
Let m = -202 + 202. Let i(k) = -k**2 - k - 33. What is i(m)?
-33
Let l be -3 - 1/(1/2). Let x(n) = -3*n**2 + 4*n - 3. Let z(t) = -11*t**2 + 11*t - 7. Let s(g) = 7*x(g) - 2*z(g). What is s(l)?
-12
Let u(h) be the first derivative of -h**6/20 + h**4/24 - 5*h**3/3 + 6. Let o(z) be the third derivative of u(z). Suppose 0 = -17*l + 38 - 21. What is o(l)?
-17
Let c = 730 - 363. Let w = 371 - c. Let z(u) = -u**2 + 6*u - 3. Determine z(w).
5
Let k(n) = -n - 7. Suppose -68 = -11*q - 6*q. Suppose 33 = -2*z - 3*w + 11, -q*w = -4*z - 4. Give k(z).
-2
Let s(k) be the third derivative of 5*k**4/24 + 7*k**3/3 - 1221*k**2. What is s(6)?
44
Suppose 0 = g + r - 6, -4*g - 5*r + 1 = -19. Let u(z) = -4*z**2 - 11*z**3 + 4*z + g*z**3 - 6*z + 3*z**2. Let k be (2/(-4) - 0)*4. Give u(k).
8
Let s(t) = t + 5. Let j = 375 + -365. Suppose j = 11*z + 76. Calculate s(z).
-1
Let v(p) = 3 - 3*p**3 + 4*p**3 + 5*p**2 - 12 - 6*p. Let m(t) = 239*t - 6. Let g be m(0). Calculate v(g).
-9
Suppose 0 = -9*m - 6*m + 30. Let d(a) = -6*a - a**3 - 14 + 15*a**m - 7*a + 4. Determine d(14).
4
Let v be 1 + 4 - (-2)/(-3)*6. Let f(g) = -33*g**2 + 3*g - 2. Determine f(v).
-32
Let o(h) be the third derivative of 1/6*h**3 + 1/15*h**5 + 0 - 6*h - 1/12*h**4 - 5*h**2. Give o(2).
13
Let k be -9 + (-10 - (-6 + -2) - -10). Let i(t) = 43*t**3 - t**2 + 3*t + 3. Determine i(k).
-44
Let t(n) = 3*n**2 - 5*n - 8. Let d(a) = -2*a**2 + 6*a + 9. Let j(c) = -4*d(c) - 3*t(c). Let x = -48899 - -48890. What is j(x)?
-12
Let c(p) = -3*p + 6. Let n be (-9)/(270/20)*-462. Let m be (n/(-21) + 8)/((-6)/(-9)). Calculate c(m).
36
Let y(a) = -16*a**3 - 1 - a - 2*a**2 + 2*a**2. Suppose -6233 + 12371 = 173*f + 6311. Give y(f).
16
Suppose 0 = 2*z - 2, -2*z = -r + 87 - 69. Let x(o) = -o**2 + 24*o - 86. Determine x(r).
-6
Let t(u) = 2*u**3 - 5*u**2 + 2*u + 2. Let a be t(3). Let n be (a - 19) + 7*1. Let w(c) = -23*c**3 - 9 + 4*c + 10 - 6*c + 6*c**2 + 22*c**3. Calculate w(n).
16
Let w(b) = -73*b - 20. Let a(m) = -201*m - 56. Let l(t) = -4*a(t) + 11*w(t). Let f = 5 - 2. Calculate l(f).
7
Suppose 2177*p + 65 = 2164*p. Let u(a) = -16*a - 14. Calculate u(p).
66
Let s(q) be the first derivative of -1/3*q**3 + 3*q**2 + 71 + 8*q. Let u = 5 + 3. Give s(u).
-8
Let c(t) be the first derivative of 4*t**2 + 65 - 8*t - 1/4*t**4 + 2*t**3. Determine c(7).
-1
Let u(q) be the second derivative of 1/12*q**4 + 5/3*q**3 - 2*q + 11 + 7/2*q**2. What is u(-7)?
-14
Let w(t) = 6*t - 15. Let v(d) = -3*d + 13. Let z(a) = 4*v(a) + 3*w(a). What is z(-4)?
-17
Let g(t) = t**3 - t - 15. Suppose -4*o + 278 = -5*b, 15*b - 13*b - o + 110 = 0. Let v be ((-4)/(-6))/(18/b) - -2. Determine g(v).
-15
Suppose 5*o - 8 - 42 = 0. Suppose -54 = -8*u + o. Suppose 0 = -z - u + 3. Let v(d) = -d**2 - 7*d. Determine v(z).
10
Let a(u) = u**2 - 12. Let z(p) = -5*p**2 - 45*p + 158. Let l(s) = -2*s**2 - 23*s + 77. Let m(d